1050.
14
What is the greatest common factor of 94 and 578?
2
Calculate the greatest common factor of 211 and 1795610.
211
Calculate the greatest common divisor of 2150226 and 891.
81
What is the greatest common factor of 683505 and 15?
15
Calculate the greatest common divisor of 27687 and 33.
33
What is the greatest common divisor of 316662 and 1602?
534
Calculate the highest common divisor of 186342 and 78.
78
Calculate the highest common divisor of 481 and 22529.
13
What is the greatest common factor of 1880 and 7708?
188
Calculate the greatest common divisor of 31149 and 9.
9
What is the highest common factor of 62275 and 45845?
265
Calculate the greatest common divisor of 672 and 53326.
14
Calculate the greatest common factor of 6992 and 299440.
304
Calculate the highest common factor of 15888 and 27142.
662
Calculate the highest common divisor of 286183 and 141.
47
What is the highest common divisor of 16788 and 8?
4
Calculate the greatest common factor of 8706 and 90.
6
What is the highest common factor of 3120 and 115680?
240
Calculate the highest common divisor of 29 and 57913.
29
What is the greatest common factor of 130 and 236444?
26
What is the highest common divisor of 8379 and 366681?
399
What is the highest common divisor of 20319 and 117?
39
What is the highest common divisor of 934120 and 8470?
1210
Calculate the greatest common divisor of 62 and 44392.
62
What is the greatest common divisor of 782 and 7344?
34
Calculate the highest common divisor of 385067 and 85.
17
Calculate the highest common factor of 356895 and 605.
55
What is the greatest common factor of 7184247 and 42?
21
Calculate the greatest common factor of 11675 and 537517.
467
What is the greatest common divisor of 1227326 and 138?
46
What is the greatest common divisor of 28 and 249424?
28
What is the greatest common divisor of 111956 and 52?
52
Calculate the highest common divisor of 580 and 320.
20
What is the highest common divisor of 89 and 15397?
89
What is the highest common factor of 1243561 and 22?
11
What is the greatest common divisor of 196 and 85554?
98
Calculate the highest common factor of 21 and 1671369.
21
Calculate the greatest common factor of 13 and 37695.
1
Calculate the greatest common divisor of 12 and 390.
6
Calculate the highest common factor of 57440 and 720.
80
What is the greatest common divisor of 810689 and 88?
11
Calculate the highest common divisor of 3481189 and 29.
29
What is the highest common divisor of 2444 and 94796?
52
What is the greatest common factor of 16761 and 6660?
111
What is the highest common factor of 2794755 and 45?
15
What is the highest common factor of 790428 and 3?
3
Calculate the highest common divisor of 14484 and 408.
204
What is the greatest common divisor of 273700 and 5236?
476
Calculate the highest common divisor of 199 and 129947.
199
Calculate the greatest common divisor of 5487 and 51.
3
What is the highest common divisor of 2304 and 5056?
64
What is the highest common factor of 572617 and 83?
83
Calculate the greatest common divisor of 5824 and 3874.
26
What is the highest common factor of 105 and 142359?
21
What is the greatest common divisor of 504 and 193816?
56
Calculate the greatest common divisor of 68 and 42789.
17
What is the greatest common divisor of 54 and 5454?
54
What is the highest common divisor of 185 and 5360?
5
What is the greatest common divisor of 372 and 164904?
12
Calculate the greatest common divisor of 81765 and 414.
207
What is the highest common divisor of 3174 and 178158?
138
What is the highest common divisor of 3350 and 3100?
50
What is the greatest common factor of 7003 and 752?
47
What is the greatest common factor of 10284 and 12?
12
What is the highest common factor of 29512 and 136?
136
Calculate the greatest common divisor of 20 and 736420.
20
What is the greatest common divisor of 189732 and 194?
194
Calculate the greatest common factor of 311256 and 524.
524
What is the greatest common factor of 15743 and 155008?
1211
Calculate the highest common factor of 15466 and 370.
74
Calculate the greatest common factor of 719 and 272501.
719
Calculate the highest common divisor of 1170 and 9555.
195
What is the highest common divisor of 1000 and 168?
8
What is the highest common factor of 14358 and 102?
6
What is the highest common factor of 14690 and 8970?
130
What is the greatest common factor of 10810 and 10?
10
What is the highest common divisor of 249 and 1283097?
249
What is the greatest common divisor of 3054 and 3906?
6
What is the highest common factor of 75 and 243345?
15
Calculate the highest common divisor of 244500 and 96.
12
What is the greatest common divisor of 188466 and 27990?
1866
Calculate the highest common factor of 3670 and 496918.
734
Calculate the highest common divisor of 1569 and 309.
3
What is the greatest common divisor of 63484 and 472?
236
Calculate the greatest common divisor of 6367186 and 14.
14
What is the greatest common factor of 255 and 44565?
15
Calculate the highest common factor of 13988 and 416.
52
What is the greatest common factor of 1255335 and 25?
5
What is the greatest common factor of 8315 and 55?
5
What is the greatest common factor of 61 and 1159?
61
Calculate the greatest common factor of 119 and 156893.
17
What is the greatest common factor of 2263 and 15469?
31
Calculate the highest common divisor of 61752 and 3735.
249
Calculate the greatest common divisor of 2229564 and 12.
12
Calculate the highest common divisor of 11700 and 39078.
234
What is the greatest common factor of 10023 and 36237?
771
Calculate the greatest common factor of 1102486 and 616.
154
What is the highest common factor of 3800 and 20450?
50
What is the highest common factor of 23522 and 1406?
38
What is the greatest common divisor of 338890 and 10?
10
What is the greatest common divisor of 141 and 311704?
47
What is the highest common divisor of 116 and 52084?
116
What is the greatest common divisor of 25 and 2929775?
25
What is the highest common divisor of 6227 and 689?
13
What is the greatest common divisor of 48 and 1490128?
16
What is the greatest common divisor of 4 and 5498?
2
Calculate the highest common factor of 266 and 1463.
133
Calculate the greatest common factor of 6677 and 121.
11
Calculate the highest common divisor of 6643 and 187369.
91
What is the greatest common factor of 4686 and 5538?
426
What is the greatest common factor of 17476 and 1717?
17
Calculate the greatest common divisor of 360 and 38520.
360
What is the highest common divisor of 219 and 2754874?
73
What is the greatest common divisor of 37 and 1243237?
37
What is the highest common divisor of 368 and 673624?
184
Calculate the highest common divisor of 425 and 24055.
85
What is the highest common factor of 167870 and 40?
10
Calculate the highest common factor of 1192 and 1656.
8
Calculate the greatest common divisor of 68 and 295120.
68
What is the greatest common factor of 2325 and 555?
15
What is the greatest common divisor of 1564 and 391?
391
What is the highest common divisor of 276 and 36892?
92
Calculate the highest common factor of 3060 and 12780.
180
What is the greatest common factor of 4803 and 189?
3
Calculate the greatest common factor of 500120 and 20.
20
What is the greatest common factor of 18648 and 210?
42
Calculate the highest common divisor of 128 and 7368.
8
Calculate the greatest common factor of 210 and 2418270.
30
Calculate the greatest common divisor of 1428276 and 615.
123
Calculate the greatest common factor of 7088 and 116066.
886
Calculate the greatest common factor of 176 and 31592.
88
What is the highest common factor of 10 and 2933620?
10
What is the greatest common divisor of 2415 and 504?
21
What is the highest common divisor of 1834793 and 629?
629
What is the highest common divisor of 62 and 163122?
62
Calculate the greatest common factor of 6860 and 1540.
140
What is the highest common divisor of 110282 and 134?
134
What is the greatest common divisor of 115365 and 15?
15
Calculate the highest common factor of 3474 and 43232.
386
What is the greatest common factor of 7 and 161203?
7
Calculate the greatest common divisor of 18634 and 19668.
22
What is the highest common divisor of 170 and 5190?
10
What is the greatest common